{"id":1619,"date":"2020-08-19T17:01:34","date_gmt":"2020-08-19T10:01:34","guid":{"rendered":"http:\/\/sci.edu.vn\/?page_id=1619"},"modified":"2024-12-18T21:04:06","modified_gmt":"2024-12-18T14:04:06","slug":"crd","status":"publish","type":"page","link":"https:\/\/sci.edu.vn\/home\/don-vi\/crd\/","title":{"rendered":"Trung t\u00e2m Nghi\u00ean c\u1ee9u v\u00e0 Ph\u00e1t tri\u1ec3n (CRD)"},"content":{"rendered":"\n<div class=\"wp-block-group alignwide has-global-padding is-layout-constrained wp-block-group-is-layout-constrained\">\n<div class=\"wp-block-group alignwide has-global-padding is-layout-constrained wp-block-group-is-layout-constrained\">\n<div class=\"wp-block-group alignwide is-content-justification-center is-layout-flex wp-container-core-group-is-layout-b02886af wp-block-group-is-layout-flex\">\n<figure data-wp-context=\"{&quot;imageId&quot;:&quot;69efefa2235f5&quot;}\" data-wp-interactive=\"core\/image\" data-wp-key=\"69efefa2235f5\" class=\"wp-block-image size-large is-resized wp-lightbox-container\"><img loading=\"lazy\" decoding=\"async\" width=\"1024\" height=\"998\" data-wp-class--hide=\"state.isContentHidden\" data-wp-class--show=\"state.isContentVisible\" data-wp-init=\"callbacks.setButtonStyles\" data-wp-on--click=\"actions.showLightbox\" data-wp-on--load=\"callbacks.setButtonStyles\" data-wp-on-window--resize=\"callbacks.setButtonStyles\" src=\"https:\/\/sci.edu.vn\/home\/wp-content\/uploads\/2020\/08\/logo-CRD-1024x998.png\" alt=\"\" class=\"wp-image-1373\" style=\"width:256px\" srcset=\"https:\/\/sci.edu.vn\/home\/wp-content\/uploads\/2020\/08\/logo-CRD-1024x998.png 1024w, https:\/\/sci.edu.vn\/home\/wp-content\/uploads\/2020\/08\/logo-CRD-300x292.png 300w, https:\/\/sci.edu.vn\/home\/wp-content\/uploads\/2020\/08\/logo-CRD-768x748.png 768w, https:\/\/sci.edu.vn\/home\/wp-content\/uploads\/2020\/08\/logo-CRD-1536x1497.png 1536w, https:\/\/sci.edu.vn\/home\/wp-content\/uploads\/2020\/08\/logo-CRD-2048x1996.png 2048w\" sizes=\"auto, (max-width: 1024px) 100vw, 1024px\" \/><button\n\t\t\tclass=\"lightbox-trigger\"\n\t\t\ttype=\"button\"\n\t\t\taria-haspopup=\"dialog\"\n\t\t\taria-label=\"Enlarge\"\n\t\t\tdata-wp-init=\"callbacks.initTriggerButton\"\n\t\t\tdata-wp-on--click=\"actions.showLightbox\"\n\t\t\tdata-wp-style--right=\"state.imageButtonRight\"\n\t\t\tdata-wp-style--top=\"state.imageButtonTop\"\n\t\t>\n\t\t\t<svg xmlns=\"http:\/\/www.w3.org\/2000\/svg\" width=\"12\" height=\"12\" fill=\"none\" viewBox=\"0 0 12 12\">\n\t\t\t\t<path fill=\"#fff\" d=\"M2 0a2 2 0 0 0-2 2v2h1.5V2a.5.5 0 0 1 .5-.5h2V0H2Zm2 10.5H2a.5.5 0 0 1-.5-.5V8H0v2a2 2 0 0 0 2 2h2v-1.5ZM8 12v-1.5h2a.5.5 0 0 0 .5-.5V8H12v2a2 2 0 0 1-2 2H8Zm2-12a2 2 0 0 1 2 2v2h-1.5V2a.5.5 0 0 0-.5-.5H8V0h2Z\" \/>\n\t\t\t<\/svg>\n\t\t<\/button><\/figure>\n\n\n\n<div class=\"wp-block-group is-vertical is-layout-flex wp-container-core-group-is-layout-fe9cc265 wp-block-group-is-layout-flex\">\n<h2 class=\"wp-block-heading\">Trung t\u00e2m Nghi\u00ean c\u1ee9u v\u00e0 Ph\u00e1t tri\u1ec3n<\/h2>\n\n\n\n<h2 class=\"wp-block-heading is-style-text-subtitle is-style-text-subtitle--1\">Center for Research and Development (CRD)<\/h2>\n<\/div>\n<\/div>\n\n\n\n<hr class=\"wp-block-separator has-alpha-channel-opacity\" style=\"margin-top:var(--wp--preset--spacing--50);margin-bottom:var(--wp--preset--spacing--50)\"\/>\n\n\n\n<div class=\"wp-block-columns alignwide is-layout-flex wp-container-core-columns-is-layout-28f84493 wp-block-columns-is-layout-flex\">\n<div class=\"wp-block-column has-background is-layout-flow wp-block-column-is-layout-flow\" style=\"border-radius:1rem;background-color:#f25e300f;flex-basis:50%\">\n<div class=\"wp-block-group has-global-padding is-layout-constrained wp-container-core-group-is-layout-80fb368b wp-block-group-is-layout-constrained\" style=\"padding-top:var(--wp--preset--spacing--30);padding-right:var(--wp--preset--spacing--30);padding-bottom:var(--wp--preset--spacing--30);padding-left:var(--wp--preset--spacing--30)\">\n<h2 class=\"wp-block-heading has-text-align-center\">T\u1ea7m nh\u00ecn v\u00e0 S\u1ee9 m\u1ea1ng<\/h2>\n\n\n\n<p>CRD (Center for Research and Development) \u0111\u1ecbnh h\u01b0\u1edbng tr\u1edf \u0111\u01a1n v\u1ecb d\u1eabn \u0111\u1ea7u trong vi\u1ec7c th\u1ef1c hi\u1ec7n nhi\u1ec7m v\u1ee5 nghi\u00ean c\u1ee9u khoa h\u1ecdc c\u00f4ng ngh\u1ec7, \u0111\u00e0o t\u1ea1o, d\u1ecbch v\u1ee5 t\u1ea1i Vi\u1ec7n t\u1ebf b\u00e0o g\u1ed1c n\u00f3i ri\u00eang v\u00e0 c\u1ea3 n\u01b0\u1edbc n\u00f3i chung. T\u1ea7m nh\u00ecn \u0111\u1ebfn n\u0103m 2025, CRD s\u1ebd t\u1ef1 ch\u1ee7 v\u1ec1 \u0111\u1ed9i ng\u0169 nghi\u00ean c\u1ee9u v\u00e0 \u0111\u1ec1 t\u00e0i khoa h\u1ecdc c\u00f4ng ngh\u1ec7.<\/p>\n\n\n\n<p>CRD \u0111\u01b0\u1ee3c th\u00e0nh l\u1eadp v\u1edbi s\u1ee9 m\u1ea1ng l\u00e0 nghi\u00ean c\u1ee9u, t\u00ecm ra nh\u1eefng ph\u00e1t ki\u1ebfn m\u1edbi trong khoa h\u1ecdc nghi\u00ean c\u1ee9u y sinh; h\u1ed7 tr\u1ee3 \u0111\u00e0o t\u1ea1o; chuy\u1ec3n giao v\u00e0 th\u1ef1c hi\u1ec7n c\u00e1c d\u1ecbch v\u1ee5 khoa h\u1ecdc c\u00f4ng ngh\u1ec7.<\/p>\n<\/div>\n<\/div>\n\n\n\n<div class=\"wp-block-column has-background is-layout-flow wp-block-column-is-layout-flow\" style=\"border-radius:1rem;background-color:#00a9ff0f;flex-basis:50%\">\n<div class=\"wp-block-group has-global-padding is-layout-constrained wp-container-core-group-is-layout-80fb368b wp-block-group-is-layout-constrained\" style=\"padding-top:var(--wp--preset--spacing--30);padding-right:var(--wp--preset--spacing--30);padding-bottom:var(--wp--preset--spacing--30);padding-left:var(--wp--preset--spacing--30)\">\n<h2 class=\"wp-block-heading has-text-align-center\">M\u1ee5c ti\u00eau<\/h2>\n\n\n\n<ul class=\"wp-block-list\">\n<li>X\u00e2y d\u1ef1ng \u0111\u1ed9i ng\u0169 nghi\u00ean c\u1ee9u chuy\u00ean nghi\u1ec7p trong nghi\u00ean c\u1ee9u khoa h\u1ecdc, \u0111\u1ed3ng th\u1eddi c\u00f3 kh\u1ea3 n\u0103ng h\u1ed7 tr\u1ee3 \u0111\u00e0o t\u1ea1o, chuy\u1ec3n giao v\u00e0 th\u1ef1c hi\u1ec7n c\u00e1c d\u1ecbch v\u1ee5 khoa h\u1ecdc c\u00f4ng ngh\u1ec7.<\/li>\n\n\n\n<li>T\u1ea1o ra c\u00e1c c\u00f4ng tr\u00ecnh nghi\u00ean c\u1ee9u, c\u00f4ng b\u1ed1 khoa h\u1ecdc c\u00f3 ch\u1ea5t l\u01b0\u1ee3ng cao \u0111\u00f3ng g\u00f3p cho s\u1ef1 ph\u00e1t tri\u1ec3n khoa h\u1ecdc c\u00f4ng ngh\u1ec7 v\u00e0 t\u1ea1o ra uy t\u00edn trong tr\u01b0\u1eddng nghi\u00ean c\u1ee9u cho Vi\u1ec7n T\u1ebf b\u00e0o g\u1ed1c.<\/li>\n\n\n\n<li>\u0110\u00e0o t\u1ea1o sinh vi\u00ean nghi\u00ean c\u1ee9u khoa h\u1ecdc, tr\u1edf th\u00e0nh ngu\u1ed3n nh\u00e2n l\u1ef1c ch\u1ee7 \u0111\u1ed9ng v\u00e0 c\u00f3 ch\u1ea5t l\u01b0\u1ee3ng, tr\u00ecnh \u0111\u1ed9 cho Trung t\u00e2m n\u00f3i ri\u00eang v\u00e0 Vi\u1ec7n T\u1ebf b\u00e0o g\u1ed1c n\u00f3i chung.<\/li>\n\n\n\n<li>\u0110em l\u1ea1i l\u1ee3i nhu\u1eadn cho Vi\u1ec7n t\u1eeb c\u00e1c d\u1ecbch v\u1ee5 khoa h\u1ecdc c\u00f4ng ngh\u1ec7 \u0111\u01b0\u1ee3c \u0111\u1eb7t h\u00e0ng.<\/li>\n<\/ul>\n<\/div>\n<\/div>\n<\/div>\n\n\n\n<figure data-wp-context=\"{&quot;imageId&quot;:&quot;69efefa2271a9&quot;}\" data-wp-interactive=\"core\/image\" data-wp-key=\"69efefa2271a9\" class=\"wp-block-image size-large wp-lightbox-container\"><img loading=\"lazy\" decoding=\"async\" width=\"768\" height=\"1024\" data-wp-class--hide=\"state.isContentHidden\" data-wp-class--show=\"state.isContentVisible\" data-wp-init=\"callbacks.setButtonStyles\" data-wp-on--click=\"actions.showLightbox\" data-wp-on--load=\"callbacks.setButtonStyles\" data-wp-on-window--resize=\"callbacks.setButtonStyles\" src=\"https:\/\/sci.edu.vn\/home\/wp-content\/uploads\/2020\/09\/CRD-intro_page-0001-768x1024.jpg\" alt=\"\" class=\"wp-image-1759\" srcset=\"https:\/\/sci.edu.vn\/home\/wp-content\/uploads\/2020\/09\/CRD-intro_page-0001-768x1024.jpg 768w, https:\/\/sci.edu.vn\/home\/wp-content\/uploads\/2020\/09\/CRD-intro_page-0001-225x300.jpg 225w, https:\/\/sci.edu.vn\/home\/wp-content\/uploads\/2020\/09\/CRD-intro_page-0001-1152x1536.jpg 1152w, https:\/\/sci.edu.vn\/home\/wp-content\/uploads\/2020\/09\/CRD-intro_page-0001.jpg 1500w\" sizes=\"auto, (max-width: 768px) 100vw, 768px\" \/><button\n\t\t\tclass=\"lightbox-trigger\"\n\t\t\ttype=\"button\"\n\t\t\taria-haspopup=\"dialog\"\n\t\t\taria-label=\"Enlarge\"\n\t\t\tdata-wp-init=\"callbacks.initTriggerButton\"\n\t\t\tdata-wp-on--click=\"actions.showLightbox\"\n\t\t\tdata-wp-style--right=\"state.imageButtonRight\"\n\t\t\tdata-wp-style--top=\"state.imageButtonTop\"\n\t\t>\n\t\t\t<svg xmlns=\"http:\/\/www.w3.org\/2000\/svg\" width=\"12\" height=\"12\" fill=\"none\" viewBox=\"0 0 12 12\">\n\t\t\t\t<path fill=\"#fff\" d=\"M2 0a2 2 0 0 0-2 2v2h1.5V2a.5.5 0 0 1 .5-.5h2V0H2Zm2 10.5H2a.5.5 0 0 1-.5-.5V8H0v2a2 2 0 0 0 2 2h2v-1.5ZM8 12v-1.5h2a.5.5 0 0 0 .5-.5V8H12v2a2 2 0 0 1-2 2H8Zm2-12a2 2 0 0 1 2 2v2h-1.5V2a.5.5 0 0 0-.5-.5H8V0h2Z\" \/>\n\t\t\t<\/svg>\n\t\t<\/button><\/figure>\n<\/div>\n<\/div>\n","protected":false},"excerpt":{"rendered":"<p>Trung t\u00e2m Nghi\u00ean c\u1ee9u v\u00e0 Ph\u00e1t tri\u1ec3n Center for Research and Development (CRD) T\u1ea7m nh\u00ecn v\u00e0 S\u1ee9 m\u1ea1ng CRD (Center for Research and Development) \u0111\u1ecbnh h\u01b0\u1edbng tr\u1edf \u0111\u01a1n v\u1ecb d\u1eabn \u0111\u1ea7u trong vi\u1ec7c th\u1ef1c hi\u1ec7n nhi\u1ec7m v\u1ee5 nghi\u00ean c\u1ee9u khoa h\u1ecdc c\u00f4ng ngh\u1ec7, \u0111\u00e0o t\u1ea1o, d\u1ecbch v\u1ee5 t\u1ea1i Vi\u1ec7n t\u1ebf b\u00e0o g\u1ed1c n\u00f3i ri\u00eang v\u00e0 [&hellip;]<\/p>\n","protected":false},"author":291,"featured_media":0,"parent":4199,"menu_order":0,"comment_status":"closed","ping_status":"closed","template":"full-width","meta":{"advanced_seo_description":"","jetpack_seo_html_title":"","jetpack_seo_noindex":false,"footnotes":""},"class_list":["post-1619","page","type-page","status-publish","hentry"],"jetpack_sharing_enabled":true,"_links":{"self":[{"href":"https:\/\/sci.edu.vn\/home\/wp-json\/wp\/v2\/pages\/1619","targetHints":{"allow":["GET"]}}],"collection":[{"href":"https:\/\/sci.edu.vn\/home\/wp-json\/wp\/v2\/pages"}],"about":[{"href":"https:\/\/sci.edu.vn\/home\/wp-json\/wp\/v2\/types\/page"}],"author":[{"embeddable":true,"href":"https:\/\/sci.edu.vn\/home\/wp-json\/wp\/v2\/users\/291"}],"replies":[{"embeddable":true,"href":"https:\/\/sci.edu.vn\/home\/wp-json\/wp\/v2\/comments?post=1619"}],"version-history":[{"count":15,"href":"https:\/\/sci.edu.vn\/home\/wp-json\/wp\/v2\/pages\/1619\/revisions"}],"predecessor-version":[{"id":4786,"href":"https:\/\/sci.edu.vn\/home\/wp-json\/wp\/v2\/pages\/1619\/revisions\/4786"}],"up":[{"embeddable":true,"href":"https:\/\/sci.edu.vn\/home\/wp-json\/wp\/v2\/pages\/4199"}],"wp:attachment":[{"href":"https:\/\/sci.edu.vn\/home\/wp-json\/wp\/v2\/media?parent=1619"}],"curies":[{"name":"wp","href":"https:\/\/api.w.org\/{rel}","templated":true}]}}