{"id":1623,"date":"2020-08-19T17:05:36","date_gmt":"2020-08-19T10:05:36","guid":{"rendered":"http:\/\/sci.edu.vn\/?page_id=1623"},"modified":"2024-12-19T01:30:47","modified_gmt":"2024-12-18T18:30:47","slug":"cbt","status":"publish","type":"page","link":"https:\/\/sci.edu.vn\/home\/don-vi\/cbt\/","title":{"rendered":"Trung t\u00e2m \u0110\u00e0o t\u1ea1o v\u00e0 H\u1ed7 tr\u1ee3 ng\u01b0\u1eddi h\u1ecdc (CBT)"},"content":{"rendered":"\n<div class=\"wp-block-group alignwide has-global-padding is-layout-constrained wp-block-group-is-layout-constrained\">\n<div class=\"wp-block-group alignwide has-global-padding is-layout-constrained wp-container-core-group-is-layout-5a30f31b wp-block-group-is-layout-constrained\">\n<div class=\"wp-block-group alignwide is-content-justification-center is-layout-flex wp-container-core-group-is-layout-b02886af wp-block-group-is-layout-flex\">\n<figure data-wp-context=\"{&quot;imageId&quot;:&quot;6a06fc6719ae9&quot;}\" data-wp-interactive=\"core\/image\" data-wp-key=\"6a06fc6719ae9\" class=\"wp-block-image size-large is-resized wp-lightbox-container\"><img loading=\"lazy\" decoding=\"async\" width=\"1024\" height=\"394\" data-wp-class--hide=\"state.isContentHidden\" data-wp-class--show=\"state.isContentVisible\" data-wp-init=\"callbacks.setButtonStyles\" data-wp-on--click=\"actions.showLightbox\" data-wp-on--load=\"callbacks.setButtonStyles\" data-wp-on-window--resize=\"callbacks.setButtonStyles\" src=\"https:\/\/sci.edu.vn\/home\/wp-content\/uploads\/2023\/12\/Logo-cbt-2023-1024x394.png\" alt=\"Logo c\u1ee7a Trung t\u00e2m \u0110\u00e0o t\u1ea1o v\u00e0 H\u1ed7 tr\u1ee3 ng\u01b0\u1eddi h\u1ecdc\" class=\"wp-image-3043\" style=\"width:256px\" srcset=\"https:\/\/sci.edu.vn\/home\/wp-content\/uploads\/2023\/12\/Logo-cbt-2023-1024x394.png 1024w, https:\/\/sci.edu.vn\/home\/wp-content\/uploads\/2023\/12\/Logo-cbt-2023-300x115.png 300w, https:\/\/sci.edu.vn\/home\/wp-content\/uploads\/2023\/12\/Logo-cbt-2023-768x296.png 768w, https:\/\/sci.edu.vn\/home\/wp-content\/uploads\/2023\/12\/Logo-cbt-2023-1536x591.png 1536w, https:\/\/sci.edu.vn\/home\/wp-content\/uploads\/2023\/12\/Logo-cbt-2023-2048x788.png 2048w\" sizes=\"auto, (max-width: 1024px) 100vw, 1024px\" \/><button\n\t\t\tclass=\"lightbox-trigger\"\n\t\t\ttype=\"button\"\n\t\t\taria-haspopup=\"dialog\"\n\t\t\taria-label=\"Enlarge\"\n\t\t\tdata-wp-init=\"callbacks.initTriggerButton\"\n\t\t\tdata-wp-on--click=\"actions.showLightbox\"\n\t\t\tdata-wp-style--right=\"state.imageButtonRight\"\n\t\t\tdata-wp-style--top=\"state.imageButtonTop\"\n\t\t>\n\t\t\t<svg xmlns=\"http:\/\/www.w3.org\/2000\/svg\" width=\"12\" height=\"12\" fill=\"none\" viewBox=\"0 0 12 12\">\n\t\t\t\t<path fill=\"#fff\" d=\"M2 0a2 2 0 0 0-2 2v2h1.5V2a.5.5 0 0 1 .5-.5h2V0H2Zm2 10.5H2a.5.5 0 0 1-.5-.5V8H0v2a2 2 0 0 0 2 2h2v-1.5ZM8 12v-1.5h2a.5.5 0 0 0 .5-.5V8H12v2a2 2 0 0 1-2 2H8Zm2-12a2 2 0 0 1 2 2v2h-1.5V2a.5.5 0 0 0-.5-.5H8V0h2Z\" \/>\n\t\t\t<\/svg>\n\t\t<\/button><\/figure>\n\n\n\n<div class=\"wp-block-group is-vertical is-layout-flex wp-container-core-group-is-layout-fe9cc265 wp-block-group-is-layout-flex\">\n<h2 class=\"wp-block-heading\">Trung t\u00e2m \u0110\u00e0o t\u1ea1o v\u00e0 H\u1ed7 tr\u1ee3 ng\u01b0\u1eddi h\u1ecdc<\/h2>\n\n\n\n<h2 class=\"wp-block-heading is-style-text-subtitle is-style-text-subtitle--1\">Center for Biomedical Training (CBT)<\/h2>\n<\/div>\n<\/div>\n\n\n\n<hr class=\"wp-block-separator has-alpha-channel-opacity\" style=\"margin-top:var(--wp--preset--spacing--50);margin-bottom:var(--wp--preset--spacing--50)\"\/>\n\n\n\n<div class=\"wp-block-columns alignwide is-layout-flex wp-container-core-columns-is-layout-28f84493 wp-block-columns-is-layout-flex\">\n<div class=\"wp-block-column is-vertically-aligned-center is-layout-flow wp-block-column-is-layout-flow\" style=\"flex-basis:40%\">\n<figure data-wp-context=\"{&quot;imageId&quot;:&quot;6a06fc671ee67&quot;}\" data-wp-interactive=\"core\/image\" data-wp-key=\"6a06fc671ee67\" class=\"wp-block-image size-full has-custom-border wp-lightbox-container\"><img loading=\"lazy\" decoding=\"async\" width=\"500\" height=\"333\" data-wp-class--hide=\"state.isContentHidden\" data-wp-class--show=\"state.isContentVisible\" data-wp-init=\"callbacks.setButtonStyles\" data-wp-on--click=\"actions.showLightbox\" data-wp-on--load=\"callbacks.setButtonStyles\" data-wp-on-window--resize=\"callbacks.setButtonStyles\" src=\"https:\/\/sci.edu.vn\/home\/wp-content\/uploads\/2020\/03\/20191002144637_IMG_5282-scaled-e1583914546169.jpg\" alt=\"\" class=\"wp-image-877\" style=\"border-radius:1rem\"\/><button\n\t\t\tclass=\"lightbox-trigger\"\n\t\t\ttype=\"button\"\n\t\t\taria-haspopup=\"dialog\"\n\t\t\taria-label=\"Enlarge\"\n\t\t\tdata-wp-init=\"callbacks.initTriggerButton\"\n\t\t\tdata-wp-on--click=\"actions.showLightbox\"\n\t\t\tdata-wp-style--right=\"state.imageButtonRight\"\n\t\t\tdata-wp-style--top=\"state.imageButtonTop\"\n\t\t>\n\t\t\t<svg xmlns=\"http:\/\/www.w3.org\/2000\/svg\" width=\"12\" height=\"12\" fill=\"none\" viewBox=\"0 0 12 12\">\n\t\t\t\t<path fill=\"#fff\" d=\"M2 0a2 2 0 0 0-2 2v2h1.5V2a.5.5 0 0 1 .5-.5h2V0H2Zm2 10.5H2a.5.5 0 0 1-.5-.5V8H0v2a2 2 0 0 0 2 2h2v-1.5ZM8 12v-1.5h2a.5.5 0 0 0 .5-.5V8H12v2a2 2 0 0 1-2 2H8Zm2-12a2 2 0 0 1 2 2v2h-1.5V2a.5.5 0 0 0-.5-.5H8V0h2Z\" \/>\n\t\t\t<\/svg>\n\t\t<\/button><\/figure>\n<\/div>\n\n\n\n<div class=\"wp-block-column is-layout-flow wp-block-column-is-layout-flow\">\n<p>Trung t\u00e2m \u0110\u00e0o t\u1ea1o v\u00e0 H\u1ed7 tr\u1ee3 ng\u01b0\u1eddi h\u1ecdc l\u00e0 trung t\u00e2m c\u1ee7a Vi\u1ec7n T\u1ebf b\u00e0o g\u1ed1c, \u0111\u01b0\u1ee3c th\u00e0nh l\u1eadp v\u00e0o n\u0103m 2018 nh\u1eb1m ph\u1ee5c v\u1ee5 nhu c\u1ea7u \u0111\u00e0o t\u1ea1o c\u00e1n b\u1ed9, chuy\u00ean vi\u00ean, k\u1ef9 thu\u1eadt vi\u00ean, sinh vi\u00ean v\u00e0 c\u1ea3 \u0111\u1ed1i t\u01b0\u1ee3ng h\u1ecdc sinh \u1edf c\u00e1c l\u0129nh v\u1ef1c li\u00ean quan v\u1ec1 t\u1ebf b\u00e0o, t\u1ebf b\u00e0o g\u1ed1c, c\u00e1c m\u00f4 h\u00ecnh \u0111\u1ed9ng v\u1eadt, c\u00e1c k\u1ef9 thu\u1eadt ph\u1ee5c v\u1ee5 nghi\u00ean c\u1ee9u y sinh h\u1ecdc.<\/p>\n\n\n\n<p>T\u1eeb 2018 \u2013 2023: Trung t\u00e2m \u0110\u00e0o t\u1ea1o Y sinh<\/p>\n\n\n\n<p>T\u1eeb n\u0103m 2023: Trung t\u00e2m \u0110\u00e0o t\u1ea1o v\u00e0 H\u1ed7 tr\u1ee3 ng\u01b0\u1eddi h\u1ecdc<\/p>\n<\/div>\n<\/div>\n\n\n\n<div class=\"wp-block-group has-global-padding is-layout-constrained wp-block-group-is-layout-constrained\">\n<p>Trung t\u00e2m s\u1edf h\u1eefu \u0111\u1ed9i ng\u0169 gi\u1ea3ng vi\u00ean c\u00f3 tr\u00ecnh \u0111\u1ed9 chuy\u00ean m\u00f4n cao, gi\u00e0u kinh nghi\u1ec7m trong c\u00f4ng t\u00e1c gi\u1ea3ng d\u1ea1y v\u00e0 nghi\u00ean c\u1ee9u s\u1ebd \u0111\u1ea3m b\u1ea3o v\u1ec1 ch\u1ea5t l\u01b0\u1ee3ng c\u1ee7a c\u00e1c ch\u01b0\u01a1ng tr\u00ecnh \u0111\u00e0o t\u1ea1o t\u1eeb c\u01a1 b\u1ea3n \u0111\u1ebfn chuy\u00ean s\u00e2u.<\/p>\n\n\n\n<p>H\u1ecdc vi\u00ean sau \u0111\u00e0o t\u1ea1o s\u1ebd \u0111\u01b0\u1ee3c nh\u1eadn gi\u1ea5y ch\u1ee9ng nh\u1eadn ho\u00e0n th\u00e0nh kh\u00f3a h\u1ecdc \u0111\u01b0\u1ee3c c\u1ea5p b\u1edfi Vi\u1ec7n T\u1ebf b\u00e0o g\u1ed1c.<\/p>\n<\/div>\n<\/div>\n<\/div>\n","protected":false},"excerpt":{"rendered":"<p>Trung t\u00e2m \u0110\u00e0o t\u1ea1o v\u00e0 H\u1ed7 tr\u1ee3 ng\u01b0\u1eddi h\u1ecdc Center for Biomedical Training (CBT) Trung t\u00e2m \u0110\u00e0o t\u1ea1o v\u00e0 H\u1ed7 tr\u1ee3 ng\u01b0\u1eddi h\u1ecdc l\u00e0 trung t\u00e2m c\u1ee7a Vi\u1ec7n T\u1ebf b\u00e0o g\u1ed1c, \u0111\u01b0\u1ee3c th\u00e0nh l\u1eadp v\u00e0o n\u0103m 2018 nh\u1eb1m ph\u1ee5c v\u1ee5 nhu c\u1ea7u \u0111\u00e0o t\u1ea1o c\u00e1n b\u1ed9, chuy\u00ean vi\u00ean, k\u1ef9 thu\u1eadt vi\u00ean, sinh vi\u00ean v\u00e0 c\u1ea3 [&hellip;]<\/p>\n","protected":false},"author":291,"featured_media":0,"parent":4199,"menu_order":0,"comment_status":"closed","ping_status":"closed","template":"full-width","meta":{"advanced_seo_description":"","jetpack_seo_html_title":"","jetpack_seo_noindex":false,"footnotes":""},"class_list":["post-1623","page","type-page","status-publish","hentry"],"jetpack_sharing_enabled":true,"_links":{"self":[{"href":"https:\/\/sci.edu.vn\/home\/wp-json\/wp\/v2\/pages\/1623","targetHints":{"allow":["GET"]}}],"collection":[{"href":"https:\/\/sci.edu.vn\/home\/wp-json\/wp\/v2\/pages"}],"about":[{"href":"https:\/\/sci.edu.vn\/home\/wp-json\/wp\/v2\/types\/page"}],"author":[{"embeddable":true,"href":"https:\/\/sci.edu.vn\/home\/wp-json\/wp\/v2\/users\/291"}],"replies":[{"embeddable":true,"href":"https:\/\/sci.edu.vn\/home\/wp-json\/wp\/v2\/comments?post=1623"}],"version-history":[{"count":9,"href":"https:\/\/sci.edu.vn\/home\/wp-json\/wp\/v2\/pages\/1623\/revisions"}],"predecessor-version":[{"id":4798,"href":"https:\/\/sci.edu.vn\/home\/wp-json\/wp\/v2\/pages\/1623\/revisions\/4798"}],"up":[{"embeddable":true,"href":"https:\/\/sci.edu.vn\/home\/wp-json\/wp\/v2\/pages\/4199"}],"wp:attachment":[{"href":"https:\/\/sci.edu.vn\/home\/wp-json\/wp\/v2\/media?parent=1623"}],"curies":[{"name":"wp","href":"https:\/\/api.w.org\/{rel}","templated":true}]}}