{"id":202,"date":"2016-02-10T10:01:37","date_gmt":"2016-02-10T10:01:37","guid":{"rendered":"http:\/\/new.vientebaogoc.edu.vn\/?page_id=202"},"modified":"2025-08-21T14:05:15","modified_gmt":"2025-08-21T07:05:15","slug":"work-with-us","status":"publish","type":"page","link":"https:\/\/sci.edu.vn\/home\/ve-chung-toi\/work-with-us\/","title":{"rendered":"Work with Us"},"content":{"rendered":"\n<div class=\"wp-block-group has-global-padding is-layout-constrained wp-block-group-is-layout-constrained\">\n<div class=\"wp-block-group has-global-padding is-layout-constrained wp-block-group-is-layout-constrained\">\n<h2 class=\"wp-block-heading has-text-align-center is-style-text-subtitle is-style-text-subtitle--1\">Want to work at lab?<\/h2>\n\n\n\n<h2 class=\"wp-block-heading has-text-align-center\">Working with Stem Cell Institute<\/h2>\n\n\n\n<p class=\"is-style-default\"><em>B\u1ea1n h\u00e3y g\u1eedi th\u00f4ng tin cho ch\u00fang t\u00f4i b\u1eb1ng c\u00e1ch nh\u1ea5n v\u00e0o n\u00fat b\u00ean d\u01b0\u1edbi.<\/em><\/p>\n<\/div>\n\n\n\n<div class=\"wp-block-group alignwide has-global-padding is-layout-constrained wp-block-group-is-layout-constrained\">\n<div class=\"wp-block-buttons is-content-justification-center is-layout-flex wp-container-core-buttons-is-layout-a89b3969 wp-block-buttons-is-layout-flex\">\n<div class=\"wp-block-button\"><a class=\"wp-block-button__link has-background has-medium-font-size has-custom-font-size wp-element-button\" href=\"https:\/\/forms.gle\/vmNRp9iEc2iwJDrX6\" style=\"background-color:#007dff;font-style:normal;font-weight:800\">G\u1eedi th\u00f4ng tin cho ch\u00fang t\u00f4i<\/a><\/div>\n<\/div>\n<\/div>\n<\/div>\n","protected":false},"excerpt":{"rendered":"<p>Want to work at lab? Working with Stem Cell Institute B\u1ea1n h\u00e3y g\u1eedi th\u00f4ng tin cho ch\u00fang t\u00f4i b\u1eb1ng c\u00e1ch nh\u1ea5n v\u00e0o n\u00fat b\u00ean d\u01b0\u1edbi.<\/p>\n","protected":false},"author":1,"featured_media":0,"parent":187,"menu_order":0,"comment_status":"closed","ping_status":"closed","template":"page-no-title","meta":{"advanced_seo_description":"","jetpack_seo_html_title":"","jetpack_seo_noindex":false,"footnotes":""},"class_list":["post-202","page","type-page","status-publish","hentry"],"jetpack_sharing_enabled":true,"_links":{"self":[{"href":"https:\/\/sci.edu.vn\/home\/wp-json\/wp\/v2\/pages\/202","targetHints":{"allow":["GET"]}}],"collection":[{"href":"https:\/\/sci.edu.vn\/home\/wp-json\/wp\/v2\/pages"}],"about":[{"href":"https:\/\/sci.edu.vn\/home\/wp-json\/wp\/v2\/types\/page"}],"author":[{"embeddable":true,"href":"https:\/\/sci.edu.vn\/home\/wp-json\/wp\/v2\/users\/1"}],"replies":[{"embeddable":true,"href":"https:\/\/sci.edu.vn\/home\/wp-json\/wp\/v2\/comments?post=202"}],"version-history":[{"count":15,"href":"https:\/\/sci.edu.vn\/home\/wp-json\/wp\/v2\/pages\/202\/revisions"}],"predecessor-version":[{"id":5193,"href":"https:\/\/sci.edu.vn\/home\/wp-json\/wp\/v2\/pages\/202\/revisions\/5193"}],"up":[{"embeddable":true,"href":"https:\/\/sci.edu.vn\/home\/wp-json\/wp\/v2\/pages\/187"}],"wp:attachment":[{"href":"https:\/\/sci.edu.vn\/home\/wp-json\/wp\/v2\/media?parent=202"}],"curies":[{"name":"wp","href":"https:\/\/api.w.org\/{rel}","templated":true}]}}