{"id":2750,"date":"2023-06-05T12:52:34","date_gmt":"2023-06-05T05:52:34","guid":{"rendered":"https:\/\/sci.edu.vn\/?page_id=2750"},"modified":"2025-06-18T13:06:59","modified_gmt":"2025-06-18T06:06:59","slug":"mua-sam","status":"publish","type":"page","link":"https:\/\/sci.edu.vn\/home\/mua-sam\/","title":{"rendered":"Mua s\u1eafm"},"content":{"rendered":"\n<div class=\"wp-block-group alignwide has-global-padding is-layout-constrained wp-block-group-is-layout-constrained\">\n<div class=\"wp-block-group alignwide has-global-padding is-layout-constrained wp-block-group-is-layout-constrained\">\n<div class=\"wp-block-query alignwide is-layout-flow wp-block-query-is-layout-flow\"><ul class=\"wp-block-post-template is-layout-flow wp-block-post-template-is-layout-flow\"><li class=\"wp-block-post post-5246 post type-post status-publish format-standard has-post-thumbnail hentry category-mua-sam\">\n\n<div class=\"wp-block-columns alignwide is-layout-flex wp-container-core-columns-is-layout-28f84493 wp-block-columns-is-layout-flex\">\n<div class=\"wp-block-column is-style-default is-layout-flow wp-block-column-is-layout-flow\" style=\"flex-basis:40%\"><figure style=\"aspect-ratio:auto;\" class=\"wp-block-post-featured-image\"><a href=\"https:\/\/sci.edu.vn\/home\/blog\/2025\/12\/08\/thu-moi-bao-gia-hoa-chat-phuc-vu-nghien-cuu-phat-trien-san-pham-quy-i-va-quy-ii-nam-2026\/\" target=\"_self\"  ><img loading=\"lazy\" decoding=\"async\" width=\"5556\" height=\"2779\" src=\"https:\/\/sci.edu.vn\/home\/wp-content\/uploads\/2022\/08\/tin-tuc.png\" class=\"attachment-post-thumbnail size-post-thumbnail wp-post-image\" alt=\"Th\u01b0 m\u1eddi b\u00e1o gi\u00e1 Ho\u0301a ch\u00e2\u0301t ph\u1ee5c v\u1ee5 nghi\u00ean c\u1ee9u ph\u00e1t tri\u1ec3n s\u1ea3n ph\u1ea9m qu\u00fd I v\u00e0 qu\u00fd II n\u0103m 2026\" style=\"border-radius:1rem;width:100%;height:100%;object-fit:contain;\" srcset=\"https:\/\/sci.edu.vn\/home\/wp-content\/uploads\/2022\/08\/tin-tuc.png 5556w, https:\/\/sci.edu.vn\/home\/wp-content\/uploads\/2022\/08\/tin-tuc-300x150.png 300w, https:\/\/sci.edu.vn\/home\/wp-content\/uploads\/2022\/08\/tin-tuc-1024x512.png 1024w, https:\/\/sci.edu.vn\/home\/wp-content\/uploads\/2022\/08\/tin-tuc-768x384.png 768w, https:\/\/sci.edu.vn\/home\/wp-content\/uploads\/2022\/08\/tin-tuc-1536x768.png 1536w, https:\/\/sci.edu.vn\/home\/wp-content\/uploads\/2022\/08\/tin-tuc-2048x1024.png 2048w\" sizes=\"auto, (max-width: 5556px) 100vw, 5556px\" \/><\/a><\/figure><\/div>\n\n\n\n<div class=\"wp-block-column is-layout-flow wp-block-column-is-layout-flow\"><h2 class=\"wp-block-post-title has-large-font-size\"><a href=\"https:\/\/sci.edu.vn\/home\/blog\/2025\/12\/08\/thu-moi-bao-gia-hoa-chat-phuc-vu-nghien-cuu-phat-trien-san-pham-quy-i-va-quy-ii-nam-2026\/\" target=\"_self\" >Th\u01b0 m\u1eddi b\u00e1o gi\u00e1 Ho\u0301a ch\u00e2\u0301t ph\u1ee5c v\u1ee5 nghi\u00ean c\u1ee9u ph\u00e1t tri\u1ec3n s\u1ea3n ph\u1ea9m qu\u00fd I v\u00e0 qu\u00fd II n\u0103m 2026<\/a><\/h2>\n\n<div class=\"wp-block-post-excerpt has-medium-font-size\"><p class=\"wp-block-post-excerpt__excerpt\">K\u00ednh g\u1eedi: C\u00e1c Qu\u00fd nh\u00e0 cung c\u1ea5p C\u0103n c\u1ee9 Lu\u1eadt \u0110\u1ea5u th\u1ea7u s\u1ed1 22\/2023\/QH15; C\u0103n c\u1ee9 Lu\u1eadt s\u1ed1 57\/2024\/QH15 ng\u00e0y 29\/11\/2024; C\u0103n c\u1ee9 Lu\u1eadt s\u1ed1 90\/2025\/QH15 ng\u00e0y 04\/8\/2025; C\u0103n c\u1ee9 Ngh\u1ecb \u0111\u1ecbnh s\u1ed1 214\/2025\/N\u0110-CP ng\u00e0y 04\/8\/2025; C\u0103n c\u1ee9 Ngh\u1ecb \u0111\u1ecbnh s\u1ed1 17\/2025\/N\u0110-CP ng\u00e0y 06\/02\/2024; C\u0103n c\u1ee9 Th\u00f4ng t\u01b0 s\u1ed1 79\/2025\/TT-BTC ng\u00e0y 04\/8\/2025; C\u0103n c\u1ee9 Quy\u1ebft&hellip; <\/p><\/div><\/div>\n<\/div>\n\n<\/li><li class=\"wp-block-post post-5209 post type-post status-publish format-standard has-post-thumbnail hentry category-mua-sam\">\n\n<div class=\"wp-block-columns alignwide is-layout-flex wp-container-core-columns-is-layout-28f84493 wp-block-columns-is-layout-flex\">\n<div class=\"wp-block-column is-style-default is-layout-flow wp-block-column-is-layout-flow\" style=\"flex-basis:40%\"><figure style=\"aspect-ratio:auto;\" class=\"wp-block-post-featured-image\"><a href=\"https:\/\/sci.edu.vn\/home\/blog\/2025\/09\/24\/thu-moi-bao-gia-goi-mua-sam-may-khac-laser-co2\/\" target=\"_self\"  ><img loading=\"lazy\" decoding=\"async\" width=\"5556\" height=\"2779\" src=\"https:\/\/sci.edu.vn\/home\/wp-content\/uploads\/2022\/08\/tin-tuc.png\" class=\"attachment-post-thumbnail size-post-thumbnail wp-post-image\" alt=\"Th\u01b0 m\u1eddi b\u00e1o gi\u00e1: G\u00f3i mua s\u1eafm M\u00e1y kh\u1eafc laser CO2\" style=\"border-radius:1rem;width:100%;height:100%;object-fit:contain;\" srcset=\"https:\/\/sci.edu.vn\/home\/wp-content\/uploads\/2022\/08\/tin-tuc.png 5556w, https:\/\/sci.edu.vn\/home\/wp-content\/uploads\/2022\/08\/tin-tuc-300x150.png 300w, https:\/\/sci.edu.vn\/home\/wp-content\/uploads\/2022\/08\/tin-tuc-1024x512.png 1024w, https:\/\/sci.edu.vn\/home\/wp-content\/uploads\/2022\/08\/tin-tuc-768x384.png 768w, https:\/\/sci.edu.vn\/home\/wp-content\/uploads\/2022\/08\/tin-tuc-1536x768.png 1536w, https:\/\/sci.edu.vn\/home\/wp-content\/uploads\/2022\/08\/tin-tuc-2048x1024.png 2048w\" sizes=\"auto, (max-width: 5556px) 100vw, 5556px\" \/><\/a><\/figure><\/div>\n\n\n\n<div class=\"wp-block-column is-layout-flow wp-block-column-is-layout-flow\"><h2 class=\"wp-block-post-title has-large-font-size\"><a href=\"https:\/\/sci.edu.vn\/home\/blog\/2025\/09\/24\/thu-moi-bao-gia-goi-mua-sam-may-khac-laser-co2\/\" target=\"_self\" >Th\u01b0 m\u1eddi b\u00e1o gi\u00e1: G\u00f3i mua s\u1eafm M\u00e1y kh\u1eafc laser CO2<\/a><\/h2>\n\n<div class=\"wp-block-post-excerpt has-medium-font-size\"><p class=\"wp-block-post-excerpt__excerpt\">K\u00ednh g\u1eedi: C\u00e1c Qu\u00fd nh\u00e0 cung c\u1ea5p Vi\u1ec7n T\u1ebf b\u00e0o g\u1ed1c \u0111\u1ec1 ngh\u1ecb c\u00e1c Qu\u00fd nh\u00e0 cung c\u1ea5p g\u1eedi b\u00e1o gi\u00e1 \u0111\u1ec1 xu\u1ea5t theo \u0111\u1ec1 ngh\u1ecb t\u1ea1i ph\u1ee5 l\u1ee5c chi ti\u1ebft k\u00e8m theo. M\u1ee5c \u0111\u00edch b\u00e1o gi\u00e1: l\u00e0m c\u01a1 s\u1edf x\u00e2y d\u1ef1ng d\u1ef1 to\u00e1n, kinh ph\u00ed mua s\u1eafm Th\u1eddi h\u1ea1n nh\u1eadn b\u00e1o gi\u00e1 \u0111\u1ebfn h\u1ebft:&hellip; <\/p><\/div><\/div>\n<\/div>\n\n<\/li><li class=\"wp-block-post post-5205 post type-post status-publish format-standard has-post-thumbnail hentry category-mua-sam\">\n\n<div class=\"wp-block-columns alignwide is-layout-flex wp-container-core-columns-is-layout-28f84493 wp-block-columns-is-layout-flex\">\n<div class=\"wp-block-column is-style-default is-layout-flow wp-block-column-is-layout-flow\" style=\"flex-basis:40%\"><figure style=\"aspect-ratio:auto;\" class=\"wp-block-post-featured-image\"><a href=\"https:\/\/sci.edu.vn\/home\/blog\/2025\/09\/24\/thu-moi-bao-gia-goi-mua-sam-hoa-chat-phuc-vu-cho-hoat-dong-thuong-xuyen-cua-trung-tam-doi-moi-sang-tao-va-san-xuat-thuc-nghiem-vien-te-bao-goc\/\" target=\"_self\"  ><img loading=\"lazy\" decoding=\"async\" width=\"5556\" height=\"2779\" src=\"https:\/\/sci.edu.vn\/home\/wp-content\/uploads\/2022\/08\/tin-tuc.png\" class=\"attachment-post-thumbnail size-post-thumbnail wp-post-image\" alt=\"Th\u01b0 m\u1eddi b\u00e1o gi\u00e1: G\u00f3i mua s\u1eafm h\u00f3a ch\u1ea5t ph\u1ee5c v\u1ee5 cho ho\u1ea1t \u0111\u1ed9ng th\u01b0\u1eddng xuy\u00ean c\u1ee7a Trung t\u00e2m \u0110\u1ed5i m\u1edbi s\u00e1ng t\u1ea1o v\u00e0 s\u1ea3n xu\u1ea5t th\u1ef1c nghi\u1ec7m &#8211; Vi\u1ec7n T\u1ebf b\u00e0o g\u1ed1c\" style=\"border-radius:1rem;width:100%;height:100%;object-fit:contain;\" srcset=\"https:\/\/sci.edu.vn\/home\/wp-content\/uploads\/2022\/08\/tin-tuc.png 5556w, https:\/\/sci.edu.vn\/home\/wp-content\/uploads\/2022\/08\/tin-tuc-300x150.png 300w, https:\/\/sci.edu.vn\/home\/wp-content\/uploads\/2022\/08\/tin-tuc-1024x512.png 1024w, https:\/\/sci.edu.vn\/home\/wp-content\/uploads\/2022\/08\/tin-tuc-768x384.png 768w, https:\/\/sci.edu.vn\/home\/wp-content\/uploads\/2022\/08\/tin-tuc-1536x768.png 1536w, https:\/\/sci.edu.vn\/home\/wp-content\/uploads\/2022\/08\/tin-tuc-2048x1024.png 2048w\" sizes=\"auto, (max-width: 5556px) 100vw, 5556px\" \/><\/a><\/figure><\/div>\n\n\n\n<div class=\"wp-block-column is-layout-flow wp-block-column-is-layout-flow\"><h2 class=\"wp-block-post-title has-large-font-size\"><a href=\"https:\/\/sci.edu.vn\/home\/blog\/2025\/09\/24\/thu-moi-bao-gia-goi-mua-sam-hoa-chat-phuc-vu-cho-hoat-dong-thuong-xuyen-cua-trung-tam-doi-moi-sang-tao-va-san-xuat-thuc-nghiem-vien-te-bao-goc\/\" target=\"_self\" >Th\u01b0 m\u1eddi b\u00e1o gi\u00e1: G\u00f3i mua s\u1eafm h\u00f3a ch\u1ea5t ph\u1ee5c v\u1ee5 cho ho\u1ea1t \u0111\u1ed9ng th\u01b0\u1eddng xuy\u00ean c\u1ee7a Trung t\u00e2m \u0110\u1ed5i m\u1edbi s\u00e1ng t\u1ea1o v\u00e0 s\u1ea3n xu\u1ea5t th\u1ef1c nghi\u1ec7m &#8211; Vi\u1ec7n T\u1ebf b\u00e0o g\u1ed1c<\/a><\/h2>\n\n<div class=\"wp-block-post-excerpt has-medium-font-size\"><p class=\"wp-block-post-excerpt__excerpt\">K\u00ednh g\u1eedi: C\u00e1c Qu\u00fd nh\u00e0 cung c\u1ea5p Vi\u1ec7n T\u1ebf b\u00e0o g\u1ed1c \u0111\u1ec1 ngh\u1ecb c\u00e1c Qu\u00fd nh\u00e0 cung c\u1ea5p g\u1eedi b\u00e1o gi\u00e1 \u0111\u1ec1 xu\u1ea5t theo \u0111\u1ec1 ngh\u1ecb t\u1ea1i ph\u1ee5 l\u1ee5c chi ti\u1ebft k\u00e8m theo. M\u1ee5c \u0111\u00edch b\u00e1o gi\u00e1: l\u00e0m c\u01a1 s\u1edf x\u00e2y d\u1ef1ng d\u1ef1 to\u00e1n, kinh ph\u00ed mua s\u1eafm Th\u1eddi h\u1ea1n nh\u1eadn b\u00e1o gi\u00e1 \u0111\u1ebfn h\u1ebft:&hellip; <\/p><\/div><\/div>\n<\/div>\n\n<\/li><li class=\"wp-block-post post-5198 post type-post status-publish format-standard has-post-thumbnail hentry category-mua-sam\">\n\n<div class=\"wp-block-columns alignwide is-layout-flex wp-container-core-columns-is-layout-28f84493 wp-block-columns-is-layout-flex\">\n<div class=\"wp-block-column is-style-default is-layout-flow wp-block-column-is-layout-flow\" style=\"flex-basis:40%\"><figure style=\"aspect-ratio:auto;\" class=\"wp-block-post-featured-image\"><a href=\"https:\/\/sci.edu.vn\/home\/blog\/2025\/08\/21\/thu-moi-bao-gia-goi-mua-sam-ke-sach-thu-vien\/\" target=\"_self\"  ><img loading=\"lazy\" decoding=\"async\" width=\"5556\" height=\"2779\" src=\"https:\/\/sci.edu.vn\/home\/wp-content\/uploads\/2022\/08\/tin-tuc.png\" class=\"attachment-post-thumbnail size-post-thumbnail wp-post-image\" alt=\"TH\u01af M\u1edcI B\u00c1O GI\u00c1 G\u00d3I MUA S\u1eaeM K\u1ec6 S\u00c1CH TH\u01af VI\u1ec6N\" style=\"border-radius:1rem;width:100%;height:100%;object-fit:contain;\" srcset=\"https:\/\/sci.edu.vn\/home\/wp-content\/uploads\/2022\/08\/tin-tuc.png 5556w, https:\/\/sci.edu.vn\/home\/wp-content\/uploads\/2022\/08\/tin-tuc-300x150.png 300w, https:\/\/sci.edu.vn\/home\/wp-content\/uploads\/2022\/08\/tin-tuc-1024x512.png 1024w, https:\/\/sci.edu.vn\/home\/wp-content\/uploads\/2022\/08\/tin-tuc-768x384.png 768w, https:\/\/sci.edu.vn\/home\/wp-content\/uploads\/2022\/08\/tin-tuc-1536x768.png 1536w, https:\/\/sci.edu.vn\/home\/wp-content\/uploads\/2022\/08\/tin-tuc-2048x1024.png 2048w\" sizes=\"auto, (max-width: 5556px) 100vw, 5556px\" \/><\/a><\/figure><\/div>\n\n\n\n<div class=\"wp-block-column is-layout-flow wp-block-column-is-layout-flow\"><h2 class=\"wp-block-post-title has-large-font-size\"><a href=\"https:\/\/sci.edu.vn\/home\/blog\/2025\/08\/21\/thu-moi-bao-gia-goi-mua-sam-ke-sach-thu-vien\/\" target=\"_self\" >TH\u01af M\u1edcI B\u00c1O GI\u00c1 G\u00d3I MUA S\u1eaeM K\u1ec6 S\u00c1CH TH\u01af VI\u1ec6N<\/a><\/h2>\n\n<div class=\"wp-block-post-excerpt has-medium-font-size\"><p class=\"wp-block-post-excerpt__excerpt\">K\u00ednh g\u1eedi: C\u00e1c Qu\u00fd nh\u00e0 cung c\u1ea5p C\u0103n c\u1ee9 Lu\u1eadt \u0110\u1ea5u th\u1ea7u s\u1ed1 22\/2023\/QH15 ng\u00e0y 23 th\u00e1ng 6 n\u0103m 2023, \u0111\u01b0\u1ee3c s\u1eeda \u0111\u1ed5i b\u1ed5 sung t\u1ea1i Lu\u1eadt s\u1ed1 57\/2024\/QH15 v\u00e0 s\u1ed1 90\/2025\/QH15; C\u0103n c\u1ee9 Ngh\u1ecb \u0111\u1ecbnh s\u1ed1 214\/2025\/N\u0110-CP ng\u00e0y 04 th\u00e1ng 8 n\u0103m 2025; C\u0103n c\u1ee9 T\u1edd tr\u00ecnh s\u1ed1 06\/2025\/TTr-TB&amp;CSVC ng\u00e0y 18\/08\/2025 c\u1ee7a T\u1ed5 tr\u01b0\u1edfng&hellip; <\/p><\/div><\/div>\n<\/div>\n\n<\/li><li class=\"wp-block-post post-5165 post type-post status-publish format-standard has-post-thumbnail hentry category-mua-sam\">\n\n<div class=\"wp-block-columns alignwide is-layout-flex wp-container-core-columns-is-layout-28f84493 wp-block-columns-is-layout-flex\">\n<div class=\"wp-block-column is-style-default is-layout-flow wp-block-column-is-layout-flow\" style=\"flex-basis:40%\"><figure style=\"aspect-ratio:auto;\" class=\"wp-block-post-featured-image\"><a href=\"https:\/\/sci.edu.vn\/home\/blog\/2025\/08\/01\/thu-moi-bao-gia-goi-mua-sam-man-hinh-led-p2-5-indoor\/\" target=\"_self\"  ><img loading=\"lazy\" decoding=\"async\" width=\"5556\" height=\"2779\" src=\"https:\/\/sci.edu.vn\/home\/wp-content\/uploads\/2022\/08\/tin-tuc.png\" class=\"attachment-post-thumbnail size-post-thumbnail wp-post-image\" alt=\"Th\u01b0 m\u1eddi b\u00e1o gi\u00e1: G\u00f3i mua s\u1eafm m\u00e0n h\u00ecnh LED P2.5 indoor\" style=\"border-radius:1rem;width:100%;height:100%;object-fit:contain;\" srcset=\"https:\/\/sci.edu.vn\/home\/wp-content\/uploads\/2022\/08\/tin-tuc.png 5556w, https:\/\/sci.edu.vn\/home\/wp-content\/uploads\/2022\/08\/tin-tuc-300x150.png 300w, https:\/\/sci.edu.vn\/home\/wp-content\/uploads\/2022\/08\/tin-tuc-1024x512.png 1024w, https:\/\/sci.edu.vn\/home\/wp-content\/uploads\/2022\/08\/tin-tuc-768x384.png 768w, https:\/\/sci.edu.vn\/home\/wp-content\/uploads\/2022\/08\/tin-tuc-1536x768.png 1536w, https:\/\/sci.edu.vn\/home\/wp-content\/uploads\/2022\/08\/tin-tuc-2048x1024.png 2048w\" sizes=\"auto, (max-width: 5556px) 100vw, 5556px\" \/><\/a><\/figure><\/div>\n\n\n\n<div class=\"wp-block-column is-layout-flow wp-block-column-is-layout-flow\"><h2 class=\"wp-block-post-title has-large-font-size\"><a href=\"https:\/\/sci.edu.vn\/home\/blog\/2025\/08\/01\/thu-moi-bao-gia-goi-mua-sam-man-hinh-led-p2-5-indoor\/\" target=\"_self\" >Th\u01b0 m\u1eddi b\u00e1o gi\u00e1: G\u00f3i mua s\u1eafm m\u00e0n h\u00ecnh LED P2.5 indoor<\/a><\/h2>\n\n<div class=\"wp-block-post-excerpt has-medium-font-size\"><p class=\"wp-block-post-excerpt__excerpt\">K\u00ednh g\u1eedi: C\u00e1c Qu\u00fd nh\u00e0 cung c\u1ea5p Vi\u1ec7n T\u1ebf b\u00e0o g\u1ed1c \u0111\u1ec1 ngh\u1ecb c\u00e1c Qu\u00fd nh\u00e0 cung c\u1ea5p g\u1eedi b\u00e1o gi\u00e1 \u0111\u1ec1 xu\u1ea5t theo \u0111\u1ec1 ngh\u1ecb t\u1ea1i ph\u1ee5 l\u1ee5c chi ti\u1ebft k\u00e8m theo. M\u1ee5c \u0111\u00edch b\u00e1o gi\u00e1: l\u00e0m c\u01a1 s\u1edf x\u00e2y d\u1ef1ng d\u1ef1 to\u00e1n, kinh ph\u00ed mua s\u1eafm Th\u1eddi h\u1ea1n nh\u1eadn b\u00e1o gi\u00e1 \u0111\u1ebfn h\u1ebft:&hellip; <\/p><\/div><\/div>\n<\/div>\n\n<\/li><li class=\"wp-block-post post-5083 post type-post status-publish format-standard has-post-thumbnail hentry category-mua-sam\">\n\n<div class=\"wp-block-columns alignwide is-layout-flex wp-container-core-columns-is-layout-28f84493 wp-block-columns-is-layout-flex\">\n<div class=\"wp-block-column is-style-default is-layout-flow wp-block-column-is-layout-flow\" style=\"flex-basis:40%\"><figure style=\"aspect-ratio:auto;\" class=\"wp-block-post-featured-image\"><a href=\"https:\/\/sci.edu.vn\/home\/blog\/2025\/06\/19\/thu-moi-bao-gia-goi-du-lich-he-cua-vien-te-bao-goc\/\" target=\"_self\"  ><img loading=\"lazy\" decoding=\"async\" width=\"5556\" height=\"2779\" src=\"https:\/\/sci.edu.vn\/home\/wp-content\/uploads\/2022\/08\/tin-tuc.png\" class=\"attachment-post-thumbnail size-post-thumbnail wp-post-image\" alt=\"Th\u01b0 m\u1eddi b\u00e1o gi\u00e1 G\u00f3i du l\u1ecbch h\u00e8 c\u1ee7a Vi\u1ec7n T\u1ebf b\u00e0o g\u1ed1c\" style=\"border-radius:1rem;width:100%;height:100%;object-fit:contain;\" srcset=\"https:\/\/sci.edu.vn\/home\/wp-content\/uploads\/2022\/08\/tin-tuc.png 5556w, https:\/\/sci.edu.vn\/home\/wp-content\/uploads\/2022\/08\/tin-tuc-300x150.png 300w, https:\/\/sci.edu.vn\/home\/wp-content\/uploads\/2022\/08\/tin-tuc-1024x512.png 1024w, https:\/\/sci.edu.vn\/home\/wp-content\/uploads\/2022\/08\/tin-tuc-768x384.png 768w, https:\/\/sci.edu.vn\/home\/wp-content\/uploads\/2022\/08\/tin-tuc-1536x768.png 1536w, https:\/\/sci.edu.vn\/home\/wp-content\/uploads\/2022\/08\/tin-tuc-2048x1024.png 2048w\" sizes=\"auto, (max-width: 5556px) 100vw, 5556px\" \/><\/a><\/figure><\/div>\n\n\n\n<div class=\"wp-block-column is-layout-flow wp-block-column-is-layout-flow\"><h2 class=\"wp-block-post-title has-large-font-size\"><a href=\"https:\/\/sci.edu.vn\/home\/blog\/2025\/06\/19\/thu-moi-bao-gia-goi-du-lich-he-cua-vien-te-bao-goc\/\" target=\"_self\" >Th\u01b0 m\u1eddi b\u00e1o gi\u00e1 G\u00f3i du l\u1ecbch h\u00e8 c\u1ee7a Vi\u1ec7n T\u1ebf b\u00e0o g\u1ed1c<\/a><\/h2>\n\n<div class=\"wp-block-post-excerpt has-medium-font-size\"><p class=\"wp-block-post-excerpt__excerpt\">K\u00ednh g\u1eedi: c\u00e1c Qu\u00fd nh\u00e0 cung c\u1ea5p Vi\u1ec7n T\u1ebf b\u00e0o g\u1ed1c \u0111\u1ec1 ngh\u1ecb c\u00e1c Qu\u00fd nh\u00e0 cung c\u1ea5p g\u1eedi b\u00e1o gi\u00e1 \u0111\u1ec1 xu\u1ea5t theo \u0111\u1ec1 ngh\u1ecb t\u1ea1i ph\u1ee5 l\u1ee5c chi ti\u1ebft k\u00e8m theo. M\u1ee5c \u0111\u00edch b\u00e1o gi\u00e1: l\u00e0m c\u01a1 s\u1edf x\u00e2y d\u1ef1ng d\u1ef1 to\u00e1n, kinh ph\u00ed mua s\u1eafm. Th\u1eddi h\u1ea1n nh\u1eadn b\u00e1o gi\u00e1 \u0111\u1ebfn h\u1ebft:&hellip; <\/p><\/div><\/div>\n<\/div>\n\n<\/li><\/ul>\n\n<\/div>\n<\/div>\n<\/div>\n","protected":false},"excerpt":{"rendered":"","protected":false},"author":291,"featured_media":0,"parent":0,"menu_order":0,"comment_status":"closed","ping_status":"closed","template":"full-width","meta":{"advanced_seo_description":"","jetpack_seo_html_title":"","jetpack_seo_noindex":false,"footnotes":""},"class_list":["post-2750","page","type-page","status-publish","hentry"],"jetpack_sharing_enabled":true,"_links":{"self":[{"href":"https:\/\/sci.edu.vn\/home\/wp-json\/wp\/v2\/pages\/2750","targetHints":{"allow":["GET"]}}],"collection":[{"href":"https:\/\/sci.edu.vn\/home\/wp-json\/wp\/v2\/pages"}],"about":[{"href":"https:\/\/sci.edu.vn\/home\/wp-json\/wp\/v2\/types\/page"}],"author":[{"embeddable":true,"href":"https:\/\/sci.edu.vn\/home\/wp-json\/wp\/v2\/users\/291"}],"replies":[{"embeddable":true,"href":"https:\/\/sci.edu.vn\/home\/wp-json\/wp\/v2\/comments?post=2750"}],"version-history":[{"count":8,"href":"https:\/\/sci.edu.vn\/home\/wp-json\/wp\/v2\/pages\/2750\/revisions"}],"predecessor-version":[{"id":5081,"href":"https:\/\/sci.edu.vn\/home\/wp-json\/wp\/v2\/pages\/2750\/revisions\/5081"}],"wp:attachment":[{"href":"https:\/\/sci.edu.vn\/home\/wp-json\/wp\/v2\/media?parent=2750"}],"curies":[{"name":"wp","href":"https:\/\/api.w.org\/{rel}","templated":true}]}}